ded by 58076?
62
What is the remainder when 4404937 is divided by 2005?
1957
Calculate the remainder when 7330635 is divided by 333209.
37
What is the remainder when 1485278 is divided by 652?
22
What is the remainder when 2961348 is divided by 2961323?
25
Calculate the remainder when 538752 is divided by 2227.
2045
Calculate the remainder when 852773 is divided by 284252.
17
Calculate the remainder when 931105393 is divided by 55.
53
Calculate the remainder when 169419 is divided by 13026.
81
Calculate the remainder when 345238 is divided by 2105.
18
What is the remainder when 116916 is divided by 2053?
1948
What is the remainder when 2730159 is divided by 1987?
21
Calculate the remainder when 124929464 is divided by 124929459.
5
Calculate the remainder when 31462559 is divided by 216.
215
What is the remainder when 342225 is divided by 57034?
21
Calculate the remainder when 15519 is divided by 7097.
1325
Calculate the remainder when 33250 is divided by 16542.
166
Calculate the remainder when 36774736 is divided by 1099.
1097
Calculate the remainder when 6891771 is divided by 1378334.
101
Calculate the remainder when 89993 is divided by 144.
137
Calculate the remainder when 471208 is divided by 1949.
1499
What is the remainder when 415574 is divided by 17243?
1742
What is the remainder when 5527018 is divided by 1381751?
14
What is the remainder when 187972 is divided by 793?
31
What is the remainder when 818722 is divided by 411?
10
Calculate the remainder when 18979165 is divided by 33651.
1
What is the remainder when 99513350 is divided by 57?
14
Calculate the remainder when 94907 is divided by 31634.
5
Calculate the remainder when 256801 is divided by 34.
33
What is the remainder when 1708554 is divided by 568785?
2199
Calculate the remainder when 44246 is divided by 21853.
540
What is the remainder when 27059 is divided by 7985?
3104
What is the remainder when 1158641 is divided by 374?
363
What is the remainder when 359163 is divided by 59788?
435
Calculate the remainder when 169462 is divided by 847.
62
What is the remainder when 262330168 is divided by 47?
44
What is the remainder when 829012 is divided by 455?
2
Calculate the remainder when 9403504 is divided by 14.
12
Calculate the remainder when 68368 is divided by 7564.
292
Calculate the remainder when 349892 is divided by 406.
326
Calculate the remainder when 228754 is divided by 15250.
4
Calculate the remainder when 230414 is divided by 20513.
4771
What is the remainder when 42936701 is divided by 8504?
5
Calculate the remainder when 3220953 is divided by 47.
43
Calculate the remainder when 2440454 is divided by 2.
0
What is the remainder when 107669 is divided by 445?
424
Calculate the remainder when 35258929 is divided by 59.
57
What is the remainder when 20128409 is divided by 3555?
3554
What is the remainder when 2949030 is divided by 117951?
255
What is the remainder when 1564958 is divided by 841?
698
Calculate the remainder when 869479 is divided by 144910.
19
Calculate the remainder when 3510764 is divided by 87.
53
What is the remainder when 180581 is divided by 22572?
5
Calculate the remainder when 8762403 is divided by 2920801.
0
Calculate the remainder when 26137866 is divided by 1871.
1867
What is the remainder when 1105929 is divided by 3638?
3615
What is the remainder when 5698917 is divided by 192?
165
Calculate the remainder when 1707137 is divided by 1012.
905
What is the remainder when 867117 is divided by 1332?
1317
What is the remainder when 8665550 is divided by 2888515?
5
What is the remainder when 698026 is divided by 46468?
1006
Calculate the remainder when 35894 is divided by 454.
28
What is the remainder when 5195789 is divided by 613?
1
What is the remainder when 6785285 is divided by 4155?
170
Calculate the remainder when 23088436 is divided by 11544214.
8
Calculate the remainder when 8498919 is divided by 31.
21
Calculate the remainder when 4469149 is divided by 6007.
5948
Calculate the remainder when 2841591 is divided by 1110.
1101
What is the remainder when 38172431 is divided by 43?
41
Calculate the remainder when 19866453 is divided by 6622147.
12
What is the remainder when 83962878 is divided by 92?
90
What is the remainder when 159784 is divided by 5392?
3416
Calculate the remainder when 71848699 is divided by 539.
538
Calculate the remainder when 26342 is divided by 1346.
768
Calculate the remainder when 2058179 is divided by 893.
707
What is the remainder when 752338 is divided by 637?
41
Calculate the remainder when 46173151 is divided by 162011.
16
Calculate the remainder when 1873229 is divided by 3952.
3933
Calculate the remainder when 88232 is divided by 5842.
602
What is the remainder when 9756606 is divided by 1219559?
134
What is the remainder when 75642 is divided by 127?
77
Calculate the remainder when 7613 is divided by 477.
458
Calculate the remainder when 10295681 is divided by 935967.
44
Calculate the remainder when 189727 is divided by 1532.
1291
What is the remainder when 224336 is divided by 3098?
1280
What is the remainder when 761381 is divided by 74?
69
Calculate the remainder when 219477 is divided by 222.
141
Calculate the remainder when 1384710 is divided by 37.
22
What is the remainder when 3085354 is divided by 6840?
514
What is the remainder when 361429 is divided by 2004?
709
What is the remainder when 206593 is divided by 103223?
147
What is the remainder when 61946176 is divided by 8773?
23
Calculate the remainder when 179351 is divided by 369.
17
Calculate the remainder when 4077123 is divided by 353.
326
Calculate the remainder when 12642552 is divided by 123.
120
What is the remainder when 3309404 is divided by 4448?
92
Calculate the remainder when 18805126 is divided by 210.
46
What is the remainder when 1540413 is divided by 1808?
1805
What is the remainder when 9735091 is divided by 1322?
1205
Calculate the remainder when 1775897 is divided by 68.
9
What is the remainder when 1885255 is divided by 160?
135
Calculate the remainder when 15827989 is divided by 27.
22
Calculate the remainder when 84065 is divided by 1299.
929
What is the remainder when 1719011 is divided by 39?
8
What is the remainder when 127810 is divided by 63901?
8
Calculate the remainder when 14641613 is divided by 140.
133
Calculate the remainder when 48272 is divided by 16075.
47
What is the remainder when 6880 is divided by 1357?
95
Calculate the remainder when 23804062 is divided by 288.
286
What is the remainder when 30316 is divided by 1608?
1372
What is the remainder when 8927890 is divided by 2975948?
46
What is the remainder when 5842787 is divided by 730341?
59
Calculate the remainder when 72746640 is divided by 808296.
0
What is the remainder when 1824789 is divided by 221?
213
Calculate the remainder when 1749802 is divided by 874825.
152
What is the remainder when 9719268 is divided by 141?
138
What is the remainder when 5316969 is divided by 34?
15
Calculate the remainder when 328383 is divided by 23455.
13
Calculate the remainder when 158776 is divided by 79301.
174
Calculate the remainder when 380103 is divided by 42229.
42
What is the remainder when 3331918 is divided by 114893?
21
What is the remainder when 85515 is divided by 2697?
1908
What is the remainder when 44647744 is divided by 480083?
25
Calculate the remainder when 12600779 is divided by 833.
821
Calculate the remainder when 1047433 is divided by 2212.
1157
Calculate the remainder when 2727311 is divided by 1302.
923
What is the remainder when 892595 is divided by 537?
101
Calculate the remainder when 18289489 is divided by 1205.
1204
What is the remainder when 1594677 is divided by 2265?
117
Calculate the remainder when 765272 is divided by 15059.
12322
Calculate the remainder when 28233 is divided by 8473.
2814
Calculate the remainder when 3948464 is divided by 493552.
48
Calculate the remainder when 37804 is divided by 4395.
2644
Calculate the remainder when 9646578 is divided by 36679.
1
What is the remainder when 23912 is divided by 56?
0
What is the remainder when 52112863 is divided by 49?
40
Calculate the remainder when 46236370 is divided by 13087.
13086
Calculate the remainder when 4284612 is divided by 2320.
1892
Calculate the remainder when 33